{"id":92,"date":"2026-01-18T13:00:26","date_gmt":"2026-01-18T12:00:26","guid":{"rendered":"https:\/\/www.schnebel.eu\/?page_id=92"},"modified":"2026-01-22T00:57:39","modified_gmt":"2026-01-21T23:57:39","slug":"impressum","status":"publish","type":"page","link":"https:\/\/www.schnebel.eu\/index.php\/impressum\/","title":{"rendered":"Impressum"},"content":{"rendered":"\n<p>Andreas Schnebel<br>Luchstra\u00dfe 22, 16727 Oberkr\u00e4mer<br>info@schnebel.eu<br>Verantwortlich f\u00fcr den Inhalt nach \u00a7 18 Abs. 2 MStV: Andreas Schnebel<\/p>\n\n\n\n<p><\/p>\n","protected":false},"excerpt":{"rendered":"<p>Andreas SchnebelLuchstra\u00dfe 22, 16727 Oberkr\u00e4merinfo@schnebel.euVerantwortlich f\u00fcr den Inhalt nach \u00a7 18 Abs. 2 MStV: Andreas Schnebel<\/p>\n","protected":false},"author":1,"featured_media":0,"parent":0,"menu_order":0,"comment_status":"closed","ping_status":"closed","template":"","meta":{"_kadence_starter_templates_imported_post":false,"_kad_post_transparent":"","_kad_post_title":"","_kad_post_layout":"","_kad_post_sidebar_id":"","_kad_post_content_style":"","_kad_post_vertical_padding":"hide","_kad_post_feature":"","_kad_post_feature_position":"","_kad_post_header":false,"_kad_post_footer":false,"_kad_post_classname":"","footnotes":""},"class_list":["post-92","page","type-page","status-publish","hentry"],"_links":{"self":[{"href":"https:\/\/www.schnebel.eu\/index.php\/wp-json\/wp\/v2\/pages\/92","targetHints":{"allow":["GET"]}}],"collection":[{"href":"https:\/\/www.schnebel.eu\/index.php\/wp-json\/wp\/v2\/pages"}],"about":[{"href":"https:\/\/www.schnebel.eu\/index.php\/wp-json\/wp\/v2\/types\/page"}],"author":[{"embeddable":true,"href":"https:\/\/www.schnebel.eu\/index.php\/wp-json\/wp\/v2\/users\/1"}],"replies":[{"embeddable":true,"href":"https:\/\/www.schnebel.eu\/index.php\/wp-json\/wp\/v2\/comments?post=92"}],"version-history":[{"count":3,"href":"https:\/\/www.schnebel.eu\/index.php\/wp-json\/wp\/v2\/pages\/92\/revisions"}],"predecessor-version":[{"id":117,"href":"https:\/\/www.schnebel.eu\/index.php\/wp-json\/wp\/v2\/pages\/92\/revisions\/117"}],"wp:attachment":[{"href":"https:\/\/www.schnebel.eu\/index.php\/wp-json\/wp\/v2\/media?parent=92"}],"curies":[{"name":"wp","href":"https:\/\/api.w.org\/{rel}","templated":true}]}}